or of 43952 and 758038?
134
Calculate the highest common divisor of 95585 and 26635.
35
What is the highest common factor of 7415550 and 3375?
675
What is the greatest common divisor of 1398768 and 5244?
276
Calculate the highest common divisor of 55220 and 61270.
110
Calculate the greatest common factor of 1837 and 906215981.
1837
What is the highest common factor of 58086 and 1475586?
126
Calculate the highest common factor of 7488327 and 39732.
231
Calculate the greatest common factor of 1400 and 5217240.
280
Calculate the greatest common divisor of 17177 and 2505439.
89
Calculate the greatest common divisor of 42150 and 1297800.
150
What is the highest common factor of 162 and 5282406?
18
Calculate the greatest common divisor of 3078 and 883842.
114
What is the highest common factor of 112081340 and 2380?
2380
What is the greatest common factor of 9123 and 307566740?
3041
What is the highest common divisor of 18826876 and 249808?
4804
Calculate the greatest common factor of 12 and 2788916.
4
Calculate the greatest common factor of 172813900 and 28.
28
What is the highest common divisor of 7200 and 62964400?
400
What is the greatest common factor of 536333 and 476?
119
What is the greatest common factor of 1449138 and 690?
138
What is the greatest common factor of 25811531 and 3349?
197
What is the greatest common factor of 580264162 and 188?
94
Calculate the highest common divisor of 11454276 and 3532.
3532
What is the greatest common divisor of 3056394 and 6754?
22
What is the highest common divisor of 11385 and 981387?
2277
What is the greatest common divisor of 4314 and 216293894?
1438
What is the greatest common factor of 136422 and 3522857?
689
What is the greatest common factor of 3546992 and 24?
8
What is the highest common factor of 435389598 and 7448?
1862
What is the highest common factor of 605862 and 139098?
582
What is the highest common factor of 910 and 472214470?
910
Calculate the greatest common divisor of 1165985 and 5750.
115
Calculate the highest common factor of 2325862 and 308.
154
Calculate the highest common factor of 2804830953 and 1061.
1061
Calculate the highest common divisor of 333604903 and 5663.
809
Calculate the greatest common factor of 6803501 and 1463.
19
What is the greatest common divisor of 1465738 and 724?
362
Calculate the greatest common divisor of 105487158 and 399.
21
What is the greatest common factor of 15858 and 217278?
18
What is the highest common factor of 532 and 2172308?
76
Calculate the greatest common factor of 965 and 230124515.
965
Calculate the highest common factor of 58439719 and 3901.
83
Calculate the highest common divisor of 6 and 35676402.
6
What is the greatest common divisor of 128376636 and 60?
12
Calculate the highest common factor of 45215744 and 3192.
1064
What is the highest common factor of 104571 and 8289?
27
What is the highest common factor of 918 and 132995142?
54
What is the greatest common factor of 1152 and 126288?
144
What is the highest common factor of 335530 and 13978?
58
What is the greatest common divisor of 14754748 and 5620?
1124
What is the highest common divisor of 2917848 and 152?
8
What is the greatest common factor of 708576 and 3363296?
1952
What is the greatest common divisor of 3120 and 42179670?
390
What is the greatest common divisor of 141073250 and 167?
167
Calculate the greatest common factor of 133 and 1796241.
19
What is the highest common factor of 4579762 and 585442?
1958
Calculate the greatest common divisor of 1300 and 175630.
130
Calculate the greatest common divisor of 29637 and 5891769.
333
Calculate the greatest common factor of 11979880 and 18590.
110
Calculate the greatest common factor of 650760 and 14586.
1122
Calculate the greatest common divisor of 10208310 and 525.
105
What is the highest common divisor of 247468 and 29610498?
9518
Calculate the highest common factor of 1254 and 6099654.
66
What is the highest common factor of 9405 and 4902095?
1045
What is the highest common factor of 9653 and 4503617?
197
What is the greatest common divisor of 5324604 and 229534?
1462
Calculate the greatest common divisor of 3230282 and 435826.
718
Calculate the greatest common divisor of 391 and 524791.
23
What is the highest common factor of 1188627 and 86337?
543
Calculate the greatest common divisor of 877928172 and 22.
22
What is the highest common divisor of 219982 and 36106?
14
Calculate the highest common divisor of 8208 and 12756258.
1026
Calculate the highest common divisor of 64970 and 9855.
365
What is the highest common divisor of 544810562 and 346?
346
What is the highest common factor of 2772 and 5165468?
308
What is the highest common factor of 29515068 and 3168?
396
What is the greatest common factor of 3510 and 182603070?
1170
What is the greatest common divisor of 8785 and 98861119?
1757
Calculate the highest common divisor of 15074841 and 10763.
229
What is the greatest common factor of 357948837 and 9?
9
What is the greatest common divisor of 15296118 and 412?
206
Calculate the greatest common factor of 444 and 5768596.
148
Calculate the highest common divisor of 13 and 470554175.
13
Calculate the greatest common divisor of 13186384 and 19184.
1744
Calculate the highest common factor of 63 and 220952340.
63
What is the greatest common divisor of 66545885 and 1995?
665
What is the highest common divisor of 257840843 and 91?
13
What is the highest common factor of 8228 and 9081655?
2057
Calculate the highest common factor of 28280799 and 27.
27
What is the highest common divisor of 4900 and 392196?
196
What is the greatest common factor of 99613644 and 4485?
897
Calculate the highest common divisor of 4940 and 6445180.
380
Calculate the highest common factor of 2537958 and 636.
318
Calculate the greatest common divisor of 693 and 1840790952.
693
What is the highest common divisor of 75075 and 174768?
33
Calculate the highest common factor of 686375 and 395200.
475
Calculate the highest common factor of 137709295 and 470.
235
Calculate the greatest common divisor of 3569860 and 74648.
1204
What is the highest common factor of 13532 and 12748537?
199
Calculate the highest common factor of 953166 and 2484.
138
What is the highest common divisor of 397 and 477126113?
397
What is the greatest common factor of 5028175 and 153?
17
Calculate the highest common divisor of 17505 and 45290103.
1167
What is the greatest common divisor of 8634709 and 234112?
1829
What is the greatest common factor of 33496 and 43950939?
4187
Calculate the highest common factor of 919413510 and 25860.
12930
What is the greatest common divisor of 15240 and 1263960?
120
What is the greatest common divisor of 111 and 159877?
37
Calculate the greatest common divisor of 102624 and 6984.
24
Calculate the greatest common divisor of 38743 and 47081861.
2279
What is the highest common divisor of 16071642 and 4050?
54
Calculate the greatest common divisor of 270196325 and 35.
35
What is the greatest common divisor of 24 and 1000529448?
24
Calculate the highest common factor of 344 and 287929892.
172
Calculate the greatest common divisor of 377130 and 130910.
130
Calculate the greatest common factor of 423 and 136578381.
141
What is the greatest common factor of 2158286 and 2470?
494
Calculate the greatest common factor of 21515900 and 200.
100
What is the highest common factor of 945 and 34378540?
35
Calculate the highest common divisor of 24 and 145304.
8
What is the highest common factor of 29741976 and 14025?
561
Calculate the highest common divisor of 284163669 and 31467.
1851
Calculate the greatest common factor of 77625 and 8937.
27
What is the greatest common factor of 44934625 and 250?
125
Calculate the highest common factor of 8488847 and 199250.
797
What is the greatest common divisor of 1688515 and 2?
1
What is the highest common divisor of 17965002 and 198?
66
What is the highest common factor of 292 and 834603014?
146
Calculate the greatest common divisor of 129 and 27408243.
129
What is the highest common divisor of 18384 and 287633?
383
What is the greatest common factor of 4670 and 462075485?
2335
Calculate the highest common factor of 1552590 and 7254.
234
Calculate the greatest common divisor of 43048013 and 73567.
5659
Calculate the highes